50).
70
1 + (6 - (3 + 8)) + -13 + -6 + 14
-9
Calculate (-2 - -7) + 29 + -84 - -18.
-32
What is -13 - 0 - ((21 - 0) + (-457 - -435))?
-12
Evaluate -41 - ((-15 - 18) + -30).
22
Calculate -11 - -28 - (-14 - -58 - -33).
-60
What is (17 - -5) + 64 + -58?
28
Evaluate (53 - 33) + -8 + -17 + -1.
-6
1 + 4 - (-39 + (-38 + 37 - 42))
87
What is 31 - 21 - (0 - 17) - 18?
9
92 + (1 - 4 - 1) + 61 + -63 + 8
94
Calculate (2 + 0 - -9) + 334 + -352 - -53.
46
Calculate 6 - (-113 + 15 + 61).
43
106 + (-10 - (33 - 35)) + 26 + -4 + -4
116
-10 + (-2 - -20) + 1
9
What is the value of (4 - -25) + 16 + (-115 - -49)?
-21
What is the value of (-71 - -27 - -38) + 3 + 0 - -45?
42
Calculate -46 - (-42 + -21 + -75).
92
What is -206 + 206 + -5 + 45?
40
Calculate (-1 - ((-3 - -4) + 2)) + -61 + 88.
23
Evaluate (6 + 11 + -17 - (0 - 8)) + -9 - 10.
-11
Evaluate (13 - 3 - 50) + -19 + 16.
-43
What is 28 - 73 - 17 - 3 - -17?
-48
What is -101 + (-1 + -7 - (164 - 172)) - (10 + -3)?
-108
Evaluate 10 - ((-18 - 0) + -29 + 28).
29
Evaluate -57 + (-2 - (-8 - -1 - (17 + -8))).
-43
-40 - (43 - 49 - -12)
-46
(3 - (-65 + -1)) + 11 + 30 + -29 + -23
58
Evaluate 105 - 27 - (34 + -71 + 29).
86
What is -101 + (21 - (19 + -22 + 17 + -7))?
-87
Calculate (31 + -41 - 4) + 64.
50
What is (19 + 6 + -22 - 20) + (75 - -8)?
66
Evaluate 47 + -26 - (-30 - -2) - 10.
39
Evaluate -59 - -100 - (-189 + 300).
-70
Calculate -50 + 104 + -42 + -39.
-27
What is (38 - 37) + -5 - (4 + -4 + 2 + 2)?
-8
(6 + (-13 - 16) - -19) + 1 + 117
114
What is (2 - (0 - -1) - 10) + 281 + -276?
-4
Evaluate 3325 + -3294 - (-1 - -23).
9
Calculate 123 + (102 - 207) + -41 + 1.
-22
67 + 3 + (17 + -7 + -10 - (9 + 1))
60
What is -86 + 0 + 105 + 133 + -237?
-85
What is 49 + 26 + -116 - -93?
52
Evaluate (-100 + 97 - (-2 + 0)) + (-1 - 3).
-5
What is (-3 - (0 + 1 + 3)) + (-332 - -350)?
11
What is 1 + 12 + (39 - 16 - 12)?
24
21 - (125 - 93) - (-2 + 2 + -1 - 22)
12
-63 - (31 + (-70 - -49))
-73
What is (5 - (7 + -2 - (-24 - -34))) + 7?
17
92 - (-10 + -27 + 27 - -7)
95
Evaluate -48 + -29 + (3 - -20).
-54
((-4 - 18) + 4 - -34 - -8) + -18
6
Evaluate 16 + -10 + 17 + 0 + (10 - 9 - 10).
14
What is the value of (-3 - (-2 + 1)) + -71 + (18 + 37 - 44)?
-62
Calculate (17 - 36) + (66 - 91).
-44
-49 + 39 + 18 + 22
30
Calculate 93 + (90 + -108 - 56).
19
What is the value of -24 + -4 + -11 + 18 - -80?
59
Calculate 3 + -1 + -7 - (-3403 + 3366 + -45 + 1).
76
-18 + -14 + (22 - -3) - -70
63
Evaluate 106 - 221 - (96 + -76).
-135
Evaluate (-3 - -21) + (29 - (-17 + 10)).
54
82 - (69 + 131 + -190)
72
What is 25 + (-46 - 22) + 19 + -28?
-52
Calculate -3 + (1 + 4 - -10).
12
Evaluate -54 + 161 - ((6 - 1) + -19 + 18 - -7).
96
What is the value of -56 - (-57 + 101 + -72)?
-28
What is (-15 - (-5 + -21)) + 0 + 78 + -12 + 15?
92
Evaluate -2 + 4 + 323 + -321 + (-28 - -1).
-23
Evaluate (186 - (-346 + 631)) + (-1 - -2) + 9 + 1.
-88
What is the value of -4 + 5 + (-7 - -4) - (-64 + 87)?
-25
What is 2 - (5 + -3 + (-19 - -80 - -1) + -5)?
-57
(42 - 43 - ((-8 - -3) + 163)) + 15
-144
Evaluate (-24 - -51) + -47 - (-41 + 2 + -5).
24
What is the value of (-796 - -786) + (-57 - 3)?
-70
Calculate 1 + -3 - (-243 - -202).
39
-2 - -9 - 11 - -6 - (-25 + 11 + -3)
19
3 - (6 + (41 - -13 - 29))
-28
Calculate -36 + -12 - (-155 + 152).
-45
(-67 - -97) + 0 - 90
-60
Calculate (-82 - (19 + -23 + 11) - -5) + -4.
-88
What is 4 - (-15 + (-2 - -21) - -7)?
-7
What is -2 - (-13 - (69 + -47))?
33
(-56 - -59) + 64 + -135
-68
What is the value of 12 + (-29 - -9 - (-52 - -27))?
17
Calculate 6 + -2 + -14 + (-22 - -26).
-6
Evaluate (0 - -19) + -95 + 72 - 49.
-53
18 - (49 + (-36 - -26) + -19)
-2
What is the value of -961 + 1010 + (-1 - 12)?
36
What is the value of 17 - (-105 + 84 + -29)?
67
Evaluate 9 + (15 - 12) - (9 - 10).
13
-103 - (-112 - -44) - (-1 + -8)
-26
Evaluate -6 + (-32 - -51) + -18.
-5
(1 + -9 + 1 - (-17 + -8)) + -2 + 11
27
Calculate -1 + 25 - ((16 - 25) + -3).
36
What is the value of (6 - (0 + 0)) + 2 + (1635 - 1632)?
11
What is (-42 + -2 - -3 - -30) + (65 - (3 - 2))?
53
Evaluate (-98 - 1) + (8 - ((-1 - -3 - 3) + -1)).
-89
What is the value of (-8 + 4 - -2) + 10 + (-29 + 32 - -32)?
43
What is (1 - -5) + 42 + (-52 - -32)?
28
What is -2896 - -2793 - (3 - 91)?
-15
Calculate (11 + 13 - 19) + 9 + -40.
-26
Calculate (-1 - (-35 + 16)) + -17 + 26 + -8.
19
What is the value of 78 + -134 + (-4 - -52)?
-8
57 + -1 + 2 + 11 + -26
43
What is -85 + -106 + 157 + (-1 - -123)?
88
Evaluate (23 - (-15 - -31) - 12 - 11) + -68 + 1.
-83
Evaluate 39 + 28 + -3 + (280 - 298).
46
-133 + 91 + 53 + (2 - (26 + 0))
-13
54 + (-35 + 30 + 3 - 23)
29
Calculate 4 - (6 + 74 + -95).
19
Evaluate -46 - (69 - 49 - 101).
35
What is the value of -4 + (-6 - ((4 - 1) + -6 + -1 + 34))?
-40
What is 8 - ((8 - -1) + 287 + -301 + -1)?
14
What is 4 + 38 + -16 - 39 - (-3 - (144 - 1))?
133
30 - -3 - (1774 + -1764)
23
What is the value of 7 - (-4 - (-3 + -52 + 43 + (-1 - 70)))?
-72
Calculate 115 - 121 - (8 - (12 + 14)).
12
What is the value of (-55 - -3) + 60 + -33?
-25
What is the value of -11 + (18 - 18 - 1) + (102 - 0) - -5?
95
-39 + -20 + (-5 - -10) + -2 + -3 + 8
-51
What is 23 + 33 + 10 + -88 - -12?
-10
9 - (511 - 523 - (0 - 13))
8
What is the value of (14 - (-7 + -7)) + -47?
-19
What is -97 + 0 + 4 + (51 - (11 + 46))?
-99
What is 88 + (3 - (-9 - (10 + -27 - -9)))?
92
What is the value of 5335 - 5342 - (6 + -1 + (1 - (2 - -1)))?
-10
23 + (66 - 41) + -10
38
What is the value of (-1 - 23) + -42 + (-72 - -134) - 1?
-5
Calculate -28 + (2 - (-3 + (-15 - (0 + -12)))).
-20
14 - (14 + 9) - (17 - 23)
-3
Calculate 19 + -2 - (5 + (19 - 15)).
8
What is (12 - (-73 - 24)) + -171?
-62
What is (2 - (-10 + 3)) + (16 - (13 - 9))?
21
What is -23 - -7 - (63 - 69)?
-10
-52 + (-7 - (3 + (-5 - -9 - 7) + -1))
-58
(-53 - -1) + 2245 + -2175
18
Calculate 1 + -1 + -1 - (1 - 90 - (-490 - -492)).
90
Calculate (9 - 2) + (7 - 9) + -75 + 1 + -2.
-71
Calculate -2 + -13 + 3 + (-23 - -26) + 8 + 89.
88
177 - 237 - (-10 - 72)
22
Evaluate -16 + (-19 - 29 - -64).
0
What is the value of 59 + (-77 - (56 - -13))?
-87
What is (2 - 40) + 1 + (-17 - (55 - 71))?
-38
Calculate -8 - ((51 - 49) + 24).
-34
Calculate (-24 - -135) + 13 + 2 + -7 + -5.
114
Evaluate 16 + -75 - -56 - 44.
-47
Evaluate 95 + -68 - 10 - (-2 - -9).
10
What is the value of (-1 - -80) + 12 + -137 + 135?
89
Evaluate 56 + (-54 - (6 - 11)).
7
What is the value of -51 - (8 + -114 + 125 + (-24 - 0 - -4))?
-50
What is 44 - (0 + -28 - (-53 - -40) - -16)?
43
What is the value of 288 + -452 - (-94 - 10)?
-60
Calculate (45 - 51) + 67 + 1 + 17.
79
35 - (226 - (41 - -65))
-85
2 - (10 - 1) - (-114 + 115) - (75 - 97)
14
1 + -5 - (-5 - (102 + -62))
41
What is the value of 2 + 50 - ((12 - (6 + 6)) + 3 + 9)?
40
-93 - (-274 - -71 - -94)
16
What is the value of 4855 + -4825 + -38 + 2 + -1?
-7
What is 15 + -28 + -2 + 1 + 486 + -468?
4
What is (-6 - -2 - 0) + (0 + 16 - -15 - 3)?
24
55 + -1 - (17 + -24 + (-2 - -8))
55
What is the value of -16 + 50 + (9 - 19) - -24?
48
39 + -27 - 35 - (-2 - (-5 + 2))
-24
Evaluate (43 - 42) + (8 - (1 - 1)) + -3.
6
15 - (-1 + -16 + -160 + 182)
10
3 - 15 - (366 + -365)
-13
94 + 0 + (1089 - 1057) + (-34 - 1)
91
What is the value of -9 - (-18 - 10) - 58?
-39
What is the value of -1 + -40 + (17 - 15) + 3 + 1?
-35
Evaluate -42 + 191 - 156 - (6 - -1).
-14
-56 + (9 + 0 - (21 + (-4 - 9)))
-55
Evaluate (-1 - -54) + (-9 - -22 - 34).
32
Evaluate 77 + -10 + (-2 - -6) + 21 + -4 - 11.
77
-7 - 2 - (-6 + (7 - -21))
-31
27 + -2 - (-1 - -15) - (-1 + -2)
14
What is the value of 17 + -1 - (1 - ((-4 - -10) + 7))?
28
Calculate 10 - (-12 - (-3 + -45)) - (-11 + -2).
-13
(1 - 16) + (29 - -18) + 10
42
Calculate 2 - 6 - -3 - (13 + 10 + -37 + 12).
1
-1 + -4 + 4 + 96 - (-967 - -950)
112
(-2 + -19 - -1) + -4689 + 4722
13
What is 96 + 28 + (-39 - 51)?
34
Calculate 5 + -20 - 82 - (38 - 58).
-77
Calculate 511 + -542 + 11 + (2 - 1) + -8.
-27
Calculate -28 + 29 + 2 + -106 + (-215 - -220).
-98
Calculate -1 - 96 - (-149 - 75 - -228).
-101
34 - 3 - ((2 - (1 + 0)) + 2238 + -2251)
43
What is the value of (8 - (43 + -34)) + 53?
52
Calculate (4 + 5 - (-5 + 19 + -16)) + -51.
-40
What is 41 - 11 - ((-17 - -16) + 14)?
17
-20 + (-1 - -25) - 15
-11
What is 0 + -1 + (58 - 53) - (35 + 9)?
-40
-18 - (28 - (41 - -23))
18
Evaluate -9 + 15 + 8 + -6 + -9 - -15.
14
What is the 